and 1742.
134
Calculate the highest common factor of 1394787 and 112344.
453
Calculate the greatest common divisor of 39177408 and 97257.
5721
Calculate the highest common divisor of 144627 and 31719.
291
Calculate the highest common factor of 834365 and 1252090.
1085
What is the greatest common factor of 7085 and 9034465?
545
Calculate the highest common factor of 657037 and 1648.
103
Calculate the greatest common factor of 32 and 7445792.
32
Calculate the greatest common factor of 4096964 and 250076.
404
Calculate the highest common factor of 168930 and 53442.
18
What is the highest common factor of 20634118 and 274?
274
What is the highest common factor of 650603 and 5983?
193
Calculate the highest common divisor of 20517299 and 652.
163
Calculate the highest common factor of 40204 and 4361336.
76
Calculate the highest common divisor of 40812 and 84588.
228
What is the highest common divisor of 461 and 610802411?
461
What is the highest common divisor of 543763 and 6215?
11
What is the greatest common divisor of 3630420 and 13612?
332
Calculate the greatest common factor of 32 and 105609992.
8
What is the highest common divisor of 66912 and 84340485?
2091
What is the greatest common divisor of 3005448 and 11931?
291
What is the greatest common factor of 2627612 and 74428?
92
What is the greatest common divisor of 3198798 and 645354?
1998
Calculate the greatest common factor of 154 and 1885499.
77
What is the greatest common divisor of 5 and 807537665?
5
Calculate the greatest common factor of 14300 and 153179.
13
Calculate the highest common divisor of 5 and 7628465.
5
What is the greatest common divisor of 713450 and 28975?
475
What is the greatest common divisor of 98 and 2595082?
14
Calculate the highest common divisor of 55202830 and 9480.
790
What is the highest common factor of 156863270 and 110?
10
What is the greatest common divisor of 550387 and 2915391?
1277
Calculate the highest common factor of 359 and 36420191.
359
Calculate the highest common factor of 348430 and 190.
10
Calculate the highest common factor of 272875 and 375.
125
Calculate the greatest common divisor of 65928 and 45633.
123
Calculate the highest common factor of 437 and 45685538.
19
Calculate the greatest common factor of 6200415 and 3861.
351
Calculate the highest common divisor of 155382304 and 728.
56
What is the greatest common factor of 21344 and 90796042?
1334
What is the highest common factor of 32 and 414514?
2
Calculate the highest common factor of 7519080 and 860.
20
What is the greatest common divisor of 74121 and 86211?
93
What is the highest common divisor of 317689 and 1460897?
1181
Calculate the highest common factor of 25454 and 313742.
286
What is the highest common factor of 549237 and 26?
13
What is the greatest common factor of 9672 and 589713?
93
What is the greatest common factor of 128076368 and 1370?
274
What is the greatest common divisor of 60047522 and 580826?
12358
Calculate the greatest common factor of 14290 and 14530.
10
What is the highest common factor of 210640014 and 182?
26
What is the greatest common factor of 335012596 and 402?
134
What is the greatest common divisor of 2207140 and 24814?
1306
What is the greatest common factor of 2092938986 and 34?
34
Calculate the greatest common divisor of 9049443 and 3276.
39
Calculate the greatest common factor of 2572 and 294701689.
643
Calculate the highest common factor of 336 and 17072790.
42
What is the highest common factor of 563422997 and 4327?
4327
Calculate the highest common divisor of 5547 and 4168033.
43
What is the highest common factor of 149475 and 451875?
75
What is the highest common divisor of 316935 and 31545?
45
What is the highest common factor of 137867640 and 79?
79
What is the greatest common factor of 773635765 and 2870?
1435
What is the greatest common divisor of 30408 and 27876?
12
Calculate the highest common factor of 10065555 and 720.
45
What is the greatest common divisor of 12928 and 84864?
128
Calculate the greatest common divisor of 112160 and 28870685.
3505
What is the greatest common divisor of 191535 and 147525?
15
What is the highest common factor of 33324596 and 116?
116
Calculate the highest common divisor of 49760 and 9112922.
622
Calculate the greatest common factor of 5309463 and 1056387.
3441
Calculate the greatest common divisor of 924 and 30786364.
28
Calculate the greatest common divisor of 22908 and 509952.
996
What is the highest common factor of 8476 and 252772?
52
Calculate the highest common factor of 294 and 2366266.
14
Calculate the greatest common divisor of 637005 and 195.
15
Calculate the highest common divisor of 777445 and 2440.
305
Calculate the greatest common factor of 119146 and 992282.
82
Calculate the greatest common factor of 520206 and 36.
6
Calculate the greatest common factor of 5966298 and 65286.
2106
What is the highest common divisor of 3480 and 398349945?
435
What is the greatest common divisor of 246 and 6154776?
6
What is the highest common divisor of 29493535 and 6695?
515
Calculate the greatest common divisor of 40 and 251095.
5
What is the highest common factor of 6297216 and 144256?
2944
Calculate the highest common divisor of 328 and 29421354.
82
What is the highest common factor of 111487478 and 3572?
1786
What is the highest common factor of 40632394 and 1684?
842
What is the greatest common factor of 17016 and 6297338?
1418
Calculate the highest common divisor of 6749 and 316409.
397
What is the highest common factor of 199973 and 320857?
643
Calculate the highest common divisor of 112 and 6400338.
14
Calculate the greatest common divisor of 5269983 and 2703.
51
What is the greatest common factor of 105 and 3623235?
105
What is the highest common divisor of 430118 and 1118?
26
Calculate the highest common factor of 36422241 and 654.
327
Calculate the greatest common factor of 2001 and 304.
1
What is the greatest common divisor of 1380375 and 88425?
675
What is the highest common factor of 2954 and 356111?
7
Calculate the highest common factor of 2848 and 56888.
8
What is the greatest common divisor of 40468 and 42076?
268
Calculate the greatest common divisor of 131744792 and 3224.
248
What is the highest common factor of 14919758 and 42?
14
What is the highest common divisor of 101626 and 3158702?
2074
What is the highest common factor of 46556 and 687271311?
11639
Calculate the highest common divisor of 12434672 and 64.
16
What is the greatest common divisor of 695068446 and 1572?
786
Calculate the highest common factor of 24 and 1645836.
12
Calculate the greatest common factor of 666 and 66189966.
222
What is the greatest common divisor of 312337 and 64523?
571
What is the highest common divisor of 1057 and 31408755?
1057
What is the greatest common divisor of 29646 and 687897?
549
Calculate the greatest common divisor of 6864036 and 39516.
1068
What is the greatest common divisor of 11248 and 64333639?
703
What is the greatest common divisor of 193685045 and 11670?
1945
Calculate the greatest common divisor of 13470 and 585426405.
6735
What is the highest common factor of 362 and 1275224?
2
Calculate the greatest common factor of 75 and 61322465.
5
Calculate the highest common divisor of 961537 and 4727.
163
What is the greatest common divisor of 443031386 and 21?
7
What is the highest common factor of 25 and 6027585?
5
What is the greatest common divisor of 15968 and 396449512?
3992
What is the highest common divisor of 181181 and 4711?
7
What is the highest common factor of 12272 and 127676?
236
What is the highest common factor of 137379281 and 86?
43
Calculate the highest common factor of 15416 and 9039557.
1927
What is the highest common divisor of 725 and 11108131?
29
What is the highest common divisor of 2887 and 5782661?
2887
Calculate the greatest common divisor of 337 and 37680644.
337
Calculate the greatest common divisor of 3364 and 1904836.
116
Calculate the highest common factor of 5505847 and 458.
229
What is the greatest common factor of 23 and 13791559?
23
What is the greatest common factor of 1672 and 8984?
8
Calculate the highest common factor of 26660 and 18862260.
620
Calculate the greatest common divisor of 4348036 and 812.
28
Calculate the highest common divisor of 192196